22541 a multiple of 3?
True
Is 127022 a multiple of 86?
True
Is 163 a factor of 2048910?
True
Is 49 a factor of 10316607?
True
Does 47 divide 24129?
False
Is 353672 a multiple of 24?
False
Does 16 divide 1491776?
True
Is 4673341 a multiple of 618?
False
Is 3434372 a multiple of 436?
True
Does 37 divide 602154?
False
Does 323 divide 895882?
False
Is 362542 a multiple of 17?
True
Does 70 divide 7580044?
False
Is 770211 a multiple of 39?
True
Is 423497 a multiple of 80?
False
Is 322 a factor of 430562?
False
Is 113420 a multiple of 55?
False
Is 332284 a multiple of 296?
False
Does 67 divide 270670?
False
Is 177 a factor of 27005?
False
Is 79 a factor of 422097?
True
Is 41 a factor of 1148099?
False
Is 1511209 a multiple of 210?
False
Does 145 divide 15249939?
False
Is 148818 a multiple of 74?
False
Is 15 a factor of 35410?
False
Does 27 divide 283122?
True
Is 9 a factor of 2301492?
False
Is 16 a factor of 2886759?
False
Is 4461205 a multiple of 1700?
False
Is 983250 a multiple of 55?
False
Is 92061 a multiple of 10?
False
Does 130 divide 222560?
True
Is 2729016 a multiple of 183?
False
Does 228 divide 2201086?
False
Does 16 divide 52627?
False
Is 236150 a multiple of 17?
False
Is 620312 a multiple of 418?
True
Is 39 a factor of 200148?
True
Does 4 divide 717839?
False
Is 13 a factor of 6055579?
False
Is 7 a factor of 5034836?
False
Does 581 divide 2489559?
False
Does 73 divide 252387?
False
Does 11 divide 97996?
False
Does 47 divide 121316?
False
Is 1191780 a multiple of 9?
True
Does 3 divide 13653?
True
Does 77 divide 4820816?
True
Is 15950 a multiple of 37?
False
Does 1201 divide 14642592?
True
Does 1030 divide 2598480?
False
Is 12438 a multiple of 9?
True
Is 7 a factor of 384660?
False
Is 495 a factor of 275789?
False
Is 291 a factor of 2329697?
False
Is 74 a factor of 5544?
False
Is 53 a factor of 302254?
False
Is 209 a factor of 95513?
True
Is 716460 a multiple of 14?
False
Is 3130620 a multiple of 10?
True
Is 31 a factor of 1513271?
False
Does 117 divide 3075462?
True
Does 29 divide 115884?
True
Does 16 divide 52960?
True
Does 8 divide 96864?
True
Is 269435 a multiple of 78?
False
Does 18 divide 82741?
False
Is 7081206 a multiple of 93?
True
Is 1018312 a multiple of 4?
True
Is 46289 a multiple of 10?
False
Is 20 a factor of 384499?
False
Is 7 a factor of 55457?
False
Is 186257 a multiple of 5?
False
Is 11202 a multiple of 567?
False
Does 7 divide 93101?
False
Is 3 a factor of 11163?
True
Is 218 a factor of 190532?
True
Does 87 divide 1822399?
False
Does 26 divide 1414940?
False
Does 13 divide 773816?
False
Is 31 a factor of 38750?
True
Is 3945505 a multiple of 743?
False
Is 358779 a multiple of 177?
True
Does 15 divide 209873?
False
Is 1875155 a multiple of 635?
True
Is 5 a factor of 3112029?
False
Is 171 a factor of 45379?
False
Is 9 a factor of 5562?
True
Is 2583645 a multiple of 43?
False
Is 258 a factor of 2940168?
True
Is 441 a factor of 652680?
True
Is 202826 a multiple of 58?
True
Is 1112182 a multiple of 348?
False
Is 4706099 a multiple of 297?
False
Is 8 a factor of 266656?
True
Does 132 divide 95162?
False
Is 19875 a multiple of 9?
False
Does 447 divide 280330?
False
Does 4 divide 486908?
True
Is 809144 a multiple of 14?
True
Is 10 a factor of 198640?
True
Does 260 divide 3434600?
True
Is 8 a factor of 483240?
True
Is 3256560 a multiple of 646?
False
Is 56064 a multiple of 128?
True
Is 19 a factor of 1403245?
True
Is 1154790 a multiple of 390?
True
Does 5 divide 2430?
True
Does 75 divide 982624?
False
Is 535230 a multiple of 10?
True
Does 325 divide 434850?
True
Is 13395 a multiple of 105?
False
Does 783 divide 3048219?
True
Does 30 divide 83358?
False
Does 23 divide 277912?
False
Is 15 a factor of 169215?
True
Does 366 divide 3569845?
False
Is 13 a factor of 222786?
False
Does 693 divide 13190542?
False
Is 605283 a multiple of 21?
True
Is 569937 a multiple of 24?
False
Is 1063544 a multiple of 76?
True
Is 2449361 a multiple of 243?
False
Does 116 divide 3240460?
True
Is 73580 a multiple of 6?
False
Does 1188 divide 490402?
False
Is 26 a factor of 243635?
False
Does 15 divide 16140?
True
Does 25 divide 7774?
False
Is 245622 a multiple of 134?
True
Does 60 divide 544829?
False
Is 160 a factor of 313280?
True
Is 3579680 a multiple of 8?
True
Does 46 divide 22422516?
True
Is 213642 a multiple of 429?
True
Is 39416 a multiple of 14?
False
Is 3787 a multiple of 6?
False
Is 14 a factor of 2760900?
False
Is 248 a factor of 242544?
True
Does 13 divide 4337664?
False
Is 4559195 a multiple of 50?
False
Is 108083 a multiple of 67?
False
Is 5406 a multiple of 17?
True
Does 5 divide 70395?
True
Is 118 a factor of 38232?
True
Is 18 a factor of 8531766?
True
Does 443 divide 115606?
False
Is 232 a factor of 128760?
True
Is 5 a factor of 122055?
True
Is 566984 a multiple of 17?
True
Does 33 divide 125587?
False
Is 24 a factor of 4037544?
True
Does 13 divide 12067?
False
Is 335 a factor of 2158070?
True
Is 47 a factor of 2279914?
False
Does 22 divide 1948330?
False
Is 41 a factor of 1720483?
True
Does 38 divide 1614495?
False
Is 6 a factor of 43997?
False
Is 9099591 a multiple of 29?
True
Is 254 a factor of 143510?
True
Is 195048 a multiple of 189?
True
Is 34 a factor of 694994?
True
Does 56 divide 30518?
False
Is 109116 a multiple of 42?
True
Does 99 divide 19503?
True
Is 353320 a multiple of 484?
True
Does 57 divide 1667301?
False
Is 149826 a multiple of 42?
False
Is 178 a factor of 528639?
False
Does 405 divide 922403?
False
Is 4 a factor of 180700?
True
Does 106 divide 1290444?
True
Is 1165765 a multiple of 73?
False
Is 21 a factor of 785237?
False
Is 7 a factor of 9983?
False
Does 129 divide 652740?
True
Does 13 divide 705378?
False
Does 24 divide 277071?
False
Is 758133 a multiple of 99?
False
Is 14 a factor of 158259?
False
Is 729021 a multiple of 154?
False
Is 283 a factor of 1649073?
False
Is 222 a factor of 462901?
False
Is 12885204 a multiple of 85?
False
Is 367 a factor of 2701120?
True
Is 719084 a multiple of 14?
False
Is 5 a factor of 20957?
False
Is 21 a factor of 18534?
False
Does 7 divide 8176329?
True
Is 2850114 a multiple of 437?
True
Is 340454 a multiple of 136?
False
Is 328929 a multiple of 2?
False
Is 144429 a multiple of 13?
False
Is 290 a factor of 1041390?
True
Is 17 a factor of 747558?
True
Is 1188687 a multiple of 666?
False
Is 31 a factor of 1005485?
True
Does 227 divide 2360573?
True
Is 811 a factor of 1436279?
False
Does 19 divide 2584?
True
Is 11 a factor of 93951?
True
Is 6 a factor of 666948?
True
Is 30 a factor of 272970?
True
Is 6616 a multiple of 8?
True
Is 27 a factor of 81918?
True
Does 22 divide 1642123?
False
Does 7 divide 5292?
True
Is 221424 a multiple of 27?
False
Is 1458954 a multiple of 18?
True
Is 410 a factor of 13593662?
False
Does 32 divide 235776?
True
Is 695 a factor of 3318625?
True
Does 8 divide 898413?
False
Is 69 a factor of 1106225?
False
Does 3 divide 1616762?
False
Is 5221788 a multiple of 69?
False
Does 10 divide 210930?
True
Is 1842344 a multiple of 56?
True
Does 5 divide 214118?
False
Is 13 a factor of 20015070?
False
Does 16 divide 5112880?
True
Is 412497 a multiple of 22?
False
Is 119700 a multiple of 171?
True
Does 25 divide 1520475?
True
Is 82273 a multiple of 3?
False
Is 21 a factor of 1142962?
False
Is 135116 a multiple of 34?
True
Does 18 divide 19880?
False
Is 243957 a multiple of 3?
True
Does 4 divide 2747982?
False
Is 6 a factor of 15816?
True
Is 194 a factor of 3873215?
False
Does 6 divide 198222?
True
Does 301 divide 98897?
False
Is 490698 a multiple of 78?
True
Does 10 divide 161490?
True
Is 65157 even?
False
Does 1378 divide 4777526?
True
Is 75 a factor of 136376?
False
Is 86994 a multiple of 27?
True
Is 215448 a multiple of 47?
True
Is 3509568 a multiple of 8?
True
Is 24358122 a multiple of 21?
False
Is 5 a factor of 186865?
True
Does 53 divide 15181?
False
Is 33152 a multiple of 28?
True
Is 222 a factor of 479742?
True
Is 22 a factor of 4417116?
True
Is 39693 a multiple of 3?
True
Does 11 divide 9852839?
False
Does 17 divide 3346663?
False
Is 13 a factor of 5988125?
True
Is 119 a factor of 141916?
False
Does 120 divide 513120?
True
Does 7 divide 67816?
True
Is 14190750 a multiple of 357?
True
Is 316 a factor of 188020?
True
Is 538 a factor of 9256950?
False
Does 218 d